{"id":4972,"date":"2016-03-28T17:23:07","date_gmt":"2016-03-28T16:23:07","guid":{"rendered":"http:\/\/marylineprouetconseil.com\/?page_id=4972"},"modified":"2016-04-04T20:48:45","modified_gmt":"2016-04-04T19:48:45","slug":"consultingoffres-2","status":"publish","type":"page","link":"https:\/\/marylineprouetconseil.com\/index.php\/consultingoffres-2\/","title":{"rendered":"Nos offres Conseil"},"content":{"rendered":"<!--themify_builder_content-->\n<div id=\"themify_builder_content-4972\" data-postid=\"4972\" class=\"themify_builder_content themify_builder_content-4972 themify_builder tf_clear\">\n    \t<!-- module_row -->\n\t<div  data-lazy=\"1\" class=\"module_row themify_builder_row fullcover fullwidth_row_container tb_first tf_clearfix\" >\n\t    <div class=\"tf_abs builder_row_cover\"><\/div>\t\t<div class=\"row_inner col_align_top tf_box tf_w tf_rel\">\n\t\t\t<div  data-lazy=\"1\" class=\"module_column tb-column col-full  first tf_box\">\n\t\t\t    \t        <div class=\"tb-column-inner tf_box tf_w\">\n\t\t    <!-- module text -->\n<div  class=\"module module-text text-4972-0-0-1   \" data-lazy=\"1\">\n        <div  class=\"tb_text_wrap\">\n    <p>\u00a0<\/p><p><strong>\u00ab\u00a0Celui qui d\u00e9place une montagne commence par d\u00e9placer de petites pierres.\u00a0\u00bb<\/strong><\/p><p style=\"text-align: left;\"><em>Confuciu<\/em><em>s<\/em><\/p>    <\/div>\n<\/div>\n<!-- \/module text -->\t        <\/div>\n\t    \t<\/div>\n\t\t    <\/div>\n\t    <!-- \/row_inner -->\n\t<\/div>\n\t<!-- \/module_row -->\n\t\t<!-- module_row -->\n\t<div  data-lazy=\"1\" class=\"module_row themify_builder_row tf_clearfix\">\n\t    \t\t<div class=\"row_inner col_align_top tf_box tf_w tf_rel\">\n\t\t\t<div  data-lazy=\"1\" class=\"module_column tb-column col-full  first tf_box\">\n\t\t\t    \t        <div class=\"tb-column-inner tf_box tf_w\">\n\t\t    <!-- module text -->\n<div  class=\"module module-text text-4972-1-0-1   \" data-lazy=\"1\">\n        <div  class=\"tb_text_wrap\">\n    <h1>CONSEIL<\/h1>    <\/div>\n<\/div>\n<!-- \/module text -->\t        <\/div>\n\t    \t<\/div>\n\t\t    <\/div>\n\t    <!-- \/row_inner -->\n\t<\/div>\n\t<!-- \/module_row -->\n\t\t<!-- module_row -->\n\t<div  data-lazy=\"1\" class=\"module_row themify_builder_row tf_clearfix\">\n\t    \t\t<div class=\"row_inner col_align_top tf_box tf_w tf_rel\">\n\t\t\t<div  data-lazy=\"1\" class=\"module_column tb-column col4-1  first tf_box\">\n\t\t\t    \t        <div class=\"tb-column-inner tf_box tf_w\">\n\t\t    <!-- module text -->\n<div  class=\"module module-text text-4972-2-0-1   \" data-lazy=\"1\">\n        <div  class=\"tb_text_wrap\">\n    <h4 style=\"color: #f99d33;\">Vous voulez\u00a0:<\/h4><ul><li><strong><span style=\"color: #f99d33;\">D\u00e9velopper le capital humain de votre entreprise\u00a0?<\/span><\/strong><\/li><li><strong><span style=\"color: #f99d33;\">Accro\u00eetre la performance Ressources Humaines\u00a0?<\/span><\/strong><\/li><\/ul>    <\/div>\n<\/div>\n<!-- \/module text -->\t        <\/div>\n\t    \t<\/div>\n\t\t<div  data-lazy=\"1\" class=\"module_column tb-column col4-3  last tf_box\">\n\t\t\t    \t        <div class=\"tb-column-inner tf_box tf_w\">\n\t\t    <!-- module text -->\n<div  class=\"module module-text text-4972-2-1-1   \" data-lazy=\"1\">\n        <div  class=\"tb_text_wrap\">\n    <p><strong><span lang=\"FR-BE\">La r\u00e9ponse de MPCC\u00a0: un partenariat cr\u00e9ateur de valeur<\/span><\/strong><\/p><ul><li><span lang=\"FR-BE\">Explorer votre contexte, comprendre votre probl\u00e9matique et vos besoins,<\/span><\/li><li><span lang=\"FR-BE\">Co-construire des r\u00e9ponses adapt\u00e9es \u00e0 vos objectifs, contraintes et crit\u00e8res de r\u00e9ussite,<\/span><\/li><li><u><\/u><span lang=\"FR-BE\">Vous accompagner efficacement tout au long du projet dans un climat de confiance partag\u00e9e.<\/span><\/li><\/ul><p><b>Nos domaines d\u2019intervention<\/b> : management direct et\/ou fonctionnel, animation et coordination de projets transverses, formation &amp; d\u00e9veloppement <span lang=\"FR-BE\">professionnel, \u00e9valuation du capital humain de l\u2019entreprise.<\/span><\/p><p><strong>La m\u00e9thode ACTE\u00a9\u00a0: une approche r\u00e9solument innovante<\/strong><\/p><p>D\u00e9velopp\u00e9e par <strong>TRAINING ANGEL, <\/strong>la m\u00e9thode ACTE\u00a9\u00a0permet de construire une offre de services performante gr\u00e2ce au calcul des co\u00fbts cach\u00e9s du non d\u00e9veloppement des comp\u00e9tences. Le <strong>diagnostic BOHP\u00a9<\/strong> est la premi\u00e8re \u00e9tape de cette d\u00e9marche. Il donne les moyens au bin\u00f4me Direction Ressources Humaines\/Direction Administrative &amp; Financi\u00e8re de valoriser <strong>le capital humain<\/strong> avec une m\u00e9thode &amp; des outils simples et compr\u00e9hensibles pour toutes les parties prenantes.<\/p><p>\u00a0<\/p>    <\/div>\n<\/div>\n<!-- \/module text -->\t        <\/div>\n\t    \t<\/div>\n\t\t    <\/div>\n\t    <!-- \/row_inner -->\n\t<\/div>\n\t<!-- \/module_row -->\n\t\t<!-- module_row -->\n\t<div  data-lazy=\"1\" class=\"module_row themify_builder_row tf_clearfix\">\n\t    \t\t<div class=\"row_inner col_align_top tf_box tf_w tf_rel\">\n\t\t\t<div  data-lazy=\"1\" class=\"module_column tb-column col4-1  first tf_box\">\n\t\t\t    \t<\/div>\n\t\t<div  data-lazy=\"1\" class=\"module_column tb-column col4-3  last tf_box\">\n\t\t\t    \t        <div class=\"tb-column-inner tf_box tf_w\">\n\t\t    <!-- module text -->\n<div  class=\"module module-text text-4972-3-1-1   \" data-lazy=\"1\">\n        <div  class=\"tb_text_wrap\">\n    <h2>Mon r\u00e9seau<\/h2>    <\/div>\n<\/div>\n<!-- \/module text -->\t<div  data-lazy=\"1\" class=\"module_subrow themify_builder_sub_row tf_w tf_clearfix\">\n\t    \t\t<div class=\"subrow_inner col_align_top tf_box tf_w\">\n\t\t\t<div  data-lazy=\"1\" class=\"sub_column module_column tf_box col4-2  first\"> \n\t    \t    \t        <div class=\"tb-column-inner tf_box tf_w\">\n\t\t    <!-- module text -->\n<div  class=\"module module-text text-4972-sub_row_3-1-2-0-0   \" data-lazy=\"1\">\n        <div  class=\"tb_text_wrap\">\n    <p><img loading=\"lazy\" decoding=\"async\" class=\"aligncenter wp-image-5247 size-full\" src=\"http:\/\/marylineprouetconseil.com\/wp-content\/uploads\/2016\/04\/TrainingAngel.png\" alt=\"\" width=\"400\" height=\"146\" srcset=\"https:\/\/marylineprouetconseil.com\/wp-content\/uploads\/2016\/04\/TrainingAngel.png 400w, https:\/\/marylineprouetconseil.com\/wp-content\/uploads\/2016\/04\/TrainingAngel-300x110.png 300w\" sizes=\"auto, (max-width: 400px) 100vw, 400px\" \/><\/p>    <\/div>\n<\/div>\n<!-- \/module text -->\t        <\/div>\n\t    \t<\/div>\n\t\t<div  data-lazy=\"1\" class=\"sub_column module_column tf_box col4-2  last\"> \n\t    \t    \t        <div class=\"tb-column-inner tf_box tf_w\">\n\t\t    <!-- module text -->\n<div  class=\"module module-text text-4972-sub_row_3-1-2-1-0   \" data-lazy=\"1\">\n        <div  class=\"tb_text_wrap\">\n    <p><img loading=\"lazy\" decoding=\"async\" class=\"aligncenter wp-image-5248 size-full\" src=\"http:\/\/marylineprouetconseil.com\/wp-content\/uploads\/2016\/04\/Informelles.gif\" alt=\"\" width=\"250\" height=\"151\" \/><\/p>    <\/div>\n<\/div>\n<!-- \/module text -->\t        <\/div>\n\t    \t<\/div>\n\t\t    <\/div>\n\t<\/div><!-- \/themify_builder_sub_row -->\n\t\t<div  data-lazy=\"1\" class=\"module_subrow themify_builder_sub_row tf_w tf_clearfix\">\n\t    \t\t<div class=\"subrow_inner col_align_top tf_box tf_w\">\n\t\t\t<div  data-lazy=\"1\" class=\"sub_column module_column tf_box col4-2  first\"> \n\t    \t    \t        <div class=\"tb-column-inner tf_box tf_w\">\n\t\t    <!-- module text -->\n<div  class=\"module module-text text-4972-sub_row_3-1-3-0-0   \" data-lazy=\"1\">\n        <div  class=\"tb_text_wrap\">\n    <p style=\"text-align: center;\">L\u2019approche ACTE\u00a9 a \u00e9t\u00e9 sp\u00e9cifiquement d\u00e9velopp\u00e9e par Training Angel.<\/p>    <\/div>\n<\/div>\n<!-- \/module text -->\t        <\/div>\n\t    \t<\/div>\n\t\t<div  data-lazy=\"1\" class=\"sub_column module_column tf_box col4-2  last\"> \n\t    \t    \t        <div class=\"tb-column-inner tf_box tf_w\">\n\t\t    <!-- module text -->\n<div  class=\"module module-text text-4972-sub_row_3-1-3-1-0   \" data-lazy=\"1\">\n        <div  class=\"tb_text_wrap\">\n    <p style=\"text-align: center;\">Le r\u00e9seau InForm\u2019Elles est le 1er r\u00e9seau des professionnelles de la formation. Cr\u00e9\u00e9 en 2010, il compte aujourd\u2019hui 200\u00a0membres.<\/p>    <\/div>\n<\/div>\n<!-- \/module text -->\t        <\/div>\n\t    \t<\/div>\n\t\t    <\/div>\n\t<\/div><!-- \/themify_builder_sub_row -->\n\t\t        <\/div>\n\t    \t<\/div>\n\t\t    <\/div>\n\t    <!-- \/row_inner -->\n\t<\/div>\n\t<!-- \/module_row -->\n\t<\/div>\n<!--\/themify_builder_content-->\n","protected":false},"excerpt":{"rendered":"<p>\u00a0\u00ab\u00a0Celui qui d\u00e9place une montagne commence par d\u00e9placer de petites pierres.\u00a0\u00bbConfucius<\/p>\n","protected":false},"author":1,"featured_media":0,"parent":0,"menu_order":0,"comment_status":"closed","ping_status":"closed","template":"","meta":{"footnotes":""},"class_list":["post-4972","page","type-page","status-publish","hentry","has-post-title","has-post-date","has-post-category","has-post-tag","has-post-comment","has-post-author",""],"builder_content":"<p>\u00a0<\/p><p><strong>\"Celui qui d\u00e9place une montagne commence par d\u00e9placer de petites pierres.\"<\/strong><\/p><p style=\"text-align: left;\"><em>Confuciu<\/em><em>s<\/em><\/p>\n<h1>CONSEIL<\/h1>\n<h4 style=\"color: #f99d33;\">Vous voulez\u00a0:<\/h4><ul><li><strong>D\u00e9velopper le capital humain de votre entreprise\u00a0?<\/strong><\/li><li><strong>Accro\u00eetre la performance Ressources Humaines\u00a0?<\/strong><\/li><\/ul>\n<p><strong>La r\u00e9ponse de MPCC\u00a0: un partenariat cr\u00e9ateur de valeur<\/strong><\/p><ul><li>Explorer votre contexte, comprendre votre probl\u00e9matique et vos besoins,<\/li><li>Co-construire des r\u00e9ponses adapt\u00e9es \u00e0 vos objectifs, contraintes et crit\u00e8res de r\u00e9ussite,<\/li><li><u><\/u>Vous accompagner efficacement tout au long du projet dans un climat de confiance partag\u00e9e.<\/li><\/ul><p><b>Nos domaines d\u2019intervention<\/b> : management direct et\/ou fonctionnel, animation et coordination de projets transverses, formation &amp; d\u00e9veloppement professionnel, \u00e9valuation du capital humain de l\u2019entreprise.<\/p><p><strong>La m\u00e9thode ACTE\u00a9\u00a0: une approche r\u00e9solument innovante<\/strong><\/p><p>D\u00e9velopp\u00e9e par <strong>TRAINING ANGEL, <\/strong>la m\u00e9thode ACTE\u00a9\u00a0permet de construire une offre de services performante gr\u00e2ce au calcul des co\u00fbts cach\u00e9s du non d\u00e9veloppement des comp\u00e9tences. Le <strong>diagnostic BOHP\u00a9<\/strong> est la premi\u00e8re \u00e9tape de cette d\u00e9marche. Il donne les moyens au bin\u00f4me Direction Ressources Humaines\/Direction Administrative &amp; Financi\u00e8re de valoriser <strong>le capital humain<\/strong> avec une m\u00e9thode &amp; des outils simples et compr\u00e9hensibles pour toutes les parties prenantes.<\/p><p>\u00a0<\/p>\n<h2>Mon r\u00e9seau<\/h2>\n<p><img loading=\"lazy\" decoding=\"async\" src=\"http:\/\/marylineprouetconseil.com\/wp-content\/uploads\/2016\/04\/TrainingAngel.png\" alt=\"\" width=\"400\" height=\"146\" srcset=\"https:\/\/marylineprouetconseil.com\/wp-content\/uploads\/2016\/04\/TrainingAngel.png 400w, https:\/\/marylineprouetconseil.com\/wp-content\/uploads\/2016\/04\/TrainingAngel-300x110.png 300w\" sizes=\"auto, (max-width: 400px) 100vw, 400px\" \/><\/p>\n<p><img loading=\"lazy\" decoding=\"async\" src=\"http:\/\/marylineprouetconseil.com\/wp-content\/uploads\/2016\/04\/Informelles.gif\" alt=\"\" width=\"250\" height=\"151\" \/><\/p>\n<p style=\"text-align: center;\">L\u2019approche ACTE\u00a9 a \u00e9t\u00e9 sp\u00e9cifiquement d\u00e9velopp\u00e9e par Training Angel.<\/p>\n<p style=\"text-align: center;\">Le r\u00e9seau InForm\u2019Elles est le 1er r\u00e9seau des professionnelles de la formation. Cr\u00e9\u00e9 en 2010, il compte aujourd\u2019hui 200\u00a0membres.<\/p>","_links":{"self":[{"href":"https:\/\/marylineprouetconseil.com\/index.php\/wp-json\/wp\/v2\/pages\/4972","targetHints":{"allow":["GET"]}}],"collection":[{"href":"https:\/\/marylineprouetconseil.com\/index.php\/wp-json\/wp\/v2\/pages"}],"about":[{"href":"https:\/\/marylineprouetconseil.com\/index.php\/wp-json\/wp\/v2\/types\/page"}],"author":[{"embeddable":true,"href":"https:\/\/marylineprouetconseil.com\/index.php\/wp-json\/wp\/v2\/users\/1"}],"replies":[{"embeddable":true,"href":"https:\/\/marylineprouetconseil.com\/index.php\/wp-json\/wp\/v2\/comments?post=4972"}],"version-history":[{"count":7,"href":"https:\/\/marylineprouetconseil.com\/index.php\/wp-json\/wp\/v2\/pages\/4972\/revisions"}],"predecessor-version":[{"id":5128,"href":"https:\/\/marylineprouetconseil.com\/index.php\/wp-json\/wp\/v2\/pages\/4972\/revisions\/5128"}],"wp:attachment":[{"href":"https:\/\/marylineprouetconseil.com\/index.php\/wp-json\/wp\/v2\/media?parent=4972"}],"curies":[{"name":"wp","href":"https:\/\/api.w.org\/{rel}","templated":true}]}}